{"id":13448,"date":"2020-06-03T02:10:40","date_gmt":"2020-06-03T08:10:40","guid":{"rendered":"https:\/\/tvnotiblog.com\/derealitys\/?page_id=13448"},"modified":"2025-03-10T01:32:47","modified_gmt":"2025-03-10T07:32:47","slug":"codigo-fama-1-participantes","status":"publish","type":"page","link":"https:\/\/tvnotiblog.com\/derealitys\/codigo-fama-1-participantes\/","title":{"rendered":"Participantes C\u00f3digo Fama 1"},"content":{"rendered":"\n<p>Los 40 participantes de <strong><a href=\"https:\/\/tvnotiblog.com\/derealitys\/tag\/codigo-fama\/\" class=\"rank-math-link\">C\u00f3digo Fama 1<\/a><\/strong>, la primera edici\u00f3n tuvo como ganador a <strong>Miguel Mart\u00ednez.<\/strong><\/p>\n\n\n\n<div class=\"wp-block-image\"><figure class=\"alignright size-large is-resized\"><img loading=\"lazy\" decoding=\"async\" src=\"https:\/\/tvnotiblog.com\/derealitys\/wp-content\/uploads\/2020\/06\/miguel-martinez-codigo-fama.jpg\" alt=\"miguel martinez codigo fama\" class=\"wp-image-13455\" width=\"110\" height=\"100\"\/><\/figure><\/div>\n\n\n\n<h4 class=\"wp-block-heading\"><strong>MIGUEL MART\u00cdNEZ<\/strong><\/h4>\n\n\n\n<p>Es originario de Guasave, Sinaloa, tiene 11 a\u00f1os y representa la regi\u00f3n Noroeste.<\/p>\n\n\n\n<p>Miguel es Capriconio y le gusta jugar voleibol, futbol, beisbol y juegos de video. Sus artistas favoritos son Pedro Fern\u00e1ndez y Alejandro Fern\u00e1ndez y la m\u00fasica que m\u00e1s le gusta es la banda y la ranchera.<\/p>\n\n\n\n<p>Sus colores favoritos son el azul y el rojo y colecciona mu\u00f1ecos de pelea.<\/p>\n\n\n\n<div class=\"wp-block-image\"><figure class=\"alignright size-large is-resized\"><img loading=\"lazy\" decoding=\"async\" src=\"https:\/\/tvnotiblog.com\/derealitys\/wp-content\/uploads\/2020\/06\/diego-gonzalez-codigo-fama.jpg\" alt=\"diego boneta codigo fama\" class=\"wp-image-13454\" width=\"110\" height=\"100\"\/><\/figure><\/div>\n\n\n\n<h4 class=\"wp-block-heading\"><strong>DIEGO GONZ\u00c1LEZ<\/strong><\/h4>\n\n\n\n<p>Es proveniente de M\u00e9xico, Distrito Federal, tiene 12 a\u00f1os, representa la regi\u00f3n Distrito Federal y pertenece a la 5a. Plataforma.<\/p>\n\n\n\n<p><strong>Diego<\/strong> es Sagitario, le gusta jugar tenis, futbol, tocar guitarra y escribir. Su artista favorito es Frank Sinatra y la m\u00fasica que m\u00e1s le gusta es el pop y el rock en espa\u00f1ol.<\/p>\n\n\n\n<p>Sus colores favoritos son el rojo, el naranja, el azul y el amarillo y colecciona espadas y gorras.<\/p>\n\n\n\n<div class=\"wp-block-image\"><figure class=\"alignright size-large is-resized\"><img loading=\"lazy\" decoding=\"async\" src=\"https:\/\/tvnotiblog.com\/derealitys\/wp-content\/uploads\/2020\/06\/maria-chacon-codigo-fama.jpg\" alt=\"maria chacon\" class=\"wp-image-13453\" width=\"110\" height=\"100\"\/><\/figure><\/div>\n\n\n\n<h4 class=\"wp-block-heading\"><strong>MAR\u00cdA CHAC\u00d3N<\/strong><\/h4>\n\n\n\n<p>Es originaria de Ensenada, Baja California Norte y pertenece a la 2a. Plataforma.<\/p>\n\n\n\n<p><strong>Mar\u00eda<\/strong> tiene 11 a\u00f1os, representa la regi\u00f3n Noroeste, le gusta escuchar m\u00fasica y cantar y su signo es Libra.<\/p>\n\n\n\n<p>Colecciona discos y le gusta la balada pop.<\/p>\n\n\n\n<p>Mar\u00eda se siente orgullosa de ella misma, porque sabe que puede lograr las metas que se proponga, incluso su m\u00e1ximo sue\u00f1o: ser artista.<\/p>\n\n\n\n<div class=\"wp-block-image\"><figure class=\"alignright size-large is-resized\"><img loading=\"lazy\" decoding=\"async\" src=\"https:\/\/tvnotiblog.com\/derealitys\/wp-content\/uploads\/2020\/06\/jesus-zavala_codigo-fama.jpg\" alt=\"jesus zavala codigo fama\" class=\"wp-image-13459\" width=\"110\" height=\"100\"\/><\/figure><\/div>\n\n\n\n<h4 class=\"wp-block-heading\"><strong>JES\u00daS ZAVALA<\/strong><\/h4>\n\n\n\n<p>Es originario de Guadalajara, Jalisco y pertenece a la 2a. Plataforma.<\/p>\n\n\n\n<p><strong>Jes\u00fas<\/strong> tiene 11 a\u00f1os, representa la regi\u00f3n Occidente, le gusta cantar, nadar y actuar y su signo es Virgo.<\/p>\n\n\n\n<p>Colecciona discos y le gusta la m\u00fasica pop y grupera.<\/p>\n\n\n\n<div class=\"wp-block-image\"><figure class=\"alignright size-large is-resized\"><img loading=\"lazy\" decoding=\"async\" src=\"https:\/\/tvnotiblog.com\/derealitys\/wp-content\/uploads\/2020\/06\/nora-cano-codigo-fama.jpg\" alt=\"\" class=\"wp-image-13457\" width=\"110\" height=\"100\"\/><\/figure><\/div>\n\n\n\n<h4 class=\"wp-block-heading\"><strong>NORA CANO<\/strong><\/h4>\n\n\n\n<p><strong>Nora<\/strong> tiene 8 a\u00f1os, representa la regi\u00f3n Distrito Federal y le gusta cantar y jugar a las mu\u00f1ecas.<\/p>\n\n\n\n<p>Colecciona estampas.<\/p>\n\n\n\n<div class=\"wp-block-image\"><figure class=\"alignright size-large is-resized\"><img loading=\"lazy\" decoding=\"async\" src=\"https:\/\/tvnotiblog.com\/derealitys\/wp-content\/uploads\/2020\/06\/gerardo-otriz-codigo-fama.jpg\" alt=\"gerardo ortiz codigo fama\" class=\"wp-image-13456\" width=\"110\" height=\"100\"\/><\/figure><\/div>\n\n\n\n<h4 class=\"wp-block-heading\"><strong>GERARDO ORTIZ<\/strong><\/h4>\n\n\n\n<p>Gerardo tiene 13 a\u00f1os y sus hobbies son tocar la guitarra, patinar, ver televisi\u00f3n y jugar basketball.<\/p>\n\n\n\n<p>Colecciona carros de control remoto.<\/p>\n\n\n\n<p>M\u00e1s: <strong><a href=\"https:\/\/tvnotiblog.com\/derealitys\/recordando-codigo-fama-2\/\" class=\"rank-math-link\">RECORDANDO &#8211; C\u00d3DIGO FAMA 2<\/a><\/strong><\/p>\n\n\n\n<figure class=\"wp-block-table\"><table class=\"has-fixed-layout\"><thead><tr><th>TRIPULACI\u00d3N ALFA<\/th><th>TRIPULACI\u00d3N BETA<\/th><\/tr><\/thead><tbody><tr><td>Ad\u00e1n Gamaliel Nieves Salazar<\/td><td>Alan Torres<\/td><\/tr><tr><td>Ang\u00e9lica Perea G\u00f3mez<\/td><td>Gerardo Ortiz Medina<\/td><\/tr><tr><td>Carlos Oswaldo de Anda Cervantes<\/td><td>Sandra Mungu\u00eda<\/td><\/tr><tr><td>\u00c9dgar Ulises Hern\u00e1ndez L\u00f3pez<\/td><td>Jes\u00fas Zavala Esparza<\/td><\/tr><tr><td>Emmanuel de Le\u00f3n N\u00fa\u00f1ez<\/td><td>Allisson Marian Lozano N\u00fa\u00f1ez<\/td><\/tr><tr><td>Gladys Gallegos Rodr\u00edguez<\/td><td>Rene Moulinie Lozano<\/td><\/tr><tr><td>Isaac Villalobos Vizca\u00edno<\/td><td>Elaine Ortega Trejo<\/td><\/tr><tr><td>Jes\u00fas Roberto Estrada Fregoso<\/td><td>Jos\u00e9 Manuel Flores<\/td><\/tr><tr><td>Jos\u00e9 Ignacio Merales Vallejo<\/td><td>Diego Andr\u00e9s Gir\u00f3n Guzm\u00e1n<\/td><\/tr><tr><td>Lady Chesira Albarr\u00e1n Lozano<\/td><td>Mar\u00eda Fernanda Chac\u00f3n Romo<\/td><\/tr><tr><td>Lineker Brito Ramos<\/td><td>Sergio Eduardo Guerrero Bazzoni<\/td><\/tr><tr><td>Luis Lauro Moreno Flores<\/td><td>Ana Paula Cunningham Malag\u00f3n<\/td><\/tr><tr><td>Mar\u00eda Fernanda Rojas Izaguirre<\/td><td>Diego Andr\u00e9s Gonz\u00e1lez Boneta<\/td><\/tr><tr><td>Mauricio Garza Ferrigno<\/td><td>Nashla Aguilar Abraham<\/td><\/tr><tr><td>Michelle Abril \u00c1lvarez C\u00e1rdenas<\/td><td>Shiomara Medina Cruz<\/td><\/tr><tr><td>Miguel Francisco Mart\u00ednez Mart\u00ednez<\/td><td>Antonio Hern\u00e1ndez Cobi\u00e1n<\/td><\/tr><tr><td>Rozana Odaly Puente \u00c1vila<\/td><td>Marcela Alcala Hayakawa<\/td><\/tr><tr><td>Sergio Castro Arizmendi<\/td><td>Ada Jassiel Reyes \u00c1vila<\/td><\/tr><tr><td>Xitlali Anali Rodr\u00edguez Sarmiento<\/td><td>Jorge Hern\u00e1ndez<\/td><\/tr><tr><td>Yanick Betancourt Santoscoy<\/td><td>Nora Ana\u00eds Cano Luna<\/td><\/tr><\/tbody><\/table><\/figure>\n\n\n\n<h2 class=\"wp-block-heading\">VIDEO DE LA GRAN FINAL<\/h2>\n\n\n\n<figure class=\"wp-block-embed-youtube wp-block-embed is-type-video is-provider-youtube wp-embed-aspect-16-9 wp-has-aspect-ratio\"><div class=\"wp-block-embed__wrapper\">\n<iframe loading=\"lazy\" title=\"C\u00f3digo F.A.M.A &quot;La gran final&quot; 5 abril 2003 | Chicomcel 2mil3\" width=\"500\" height=\"281\" src=\"https:\/\/www.youtube.com\/embed\/2-UAr-0-daU?feature=oembed\" frameborder=\"0\" allow=\"accelerometer; autoplay; clipboard-write; encrypted-media; gyroscope; picture-in-picture; web-share\" referrerpolicy=\"strict-origin-when-cross-origin\" allowfullscreen><\/iframe>\n<\/div><\/figure>\n\n\n\n<!--nextpage-->\n\n\n\n<div class=\"wp-block-image\"><figure class=\"alignright size-large is-resized\"><img loading=\"lazy\" decoding=\"async\" src=\"https:\/\/tvnotiblog.com\/derealitys\/wp-content\/uploads\/2020\/06\/gladys-codigo-fama.jpg\" alt=\"gladys codigo fama\" class=\"wp-image-13460\" width=\"110\" height=\"100\"\/><\/figure><\/div>\n\n\n\n<h4 class=\"wp-block-heading\"><strong>GLADYS GALLEGOS<\/strong><\/h4>\n\n\n\n<p>Es originaria de Durango, Durango, tiene 11 a\u00f1os y representa la regi\u00f3n Norcentro.<\/p>\n\n\n\n<p><strong>Gladys<\/strong> es G\u00e9minis, le gusta cantar, jugar a las mu\u00f1ecas, escuchar m\u00fasica, leer y actuar. Sus artistas favoritos son Thal\u00eda y A\u00edda Cuevas y la m\u00fasica que prefiere es el pop y la ranchera.<\/p>\n\n\n\n<p>Sus colores favoritos son el amarillo, el azul y el blanco y colecciona mu\u00f1ecas.<\/p>\n\n\n\n<p>Gladys preparar\u00e1 la melod\u00eda <em>La Cigarra<\/em> y como su m\u00e1xima pasi\u00f3n es cantar, quiso entrar a C\u00f3digo F.A.M.A. porque es una oportunidad muy grande que no quiere dejar pasar, por eso se inscribi\u00f3 inmediatamente y siente mucha emoci\u00f3n y alegr\u00eda por ser uno de los cuarenta seleccionados, \u00a1est\u00e1 feliz!<\/p>\n\n\n\n<div class=\"wp-block-image\"><figure class=\"alignright size-large is-resized\"><img loading=\"lazy\" decoding=\"async\" src=\"https:\/\/tvnotiblog.com\/derealitys\/wp-content\/uploads\/2020\/06\/xitlali-codigo-fama.jpg\" alt=\"xitlali codigo fama\" class=\"wp-image-13461\" width=\"110\" height=\"100\"\/><\/figure><\/div>\n\n\n\n<h4 class=\"wp-block-heading\"><strong>XITLALI RODR\u00cdGUEZ<\/strong><\/h4>\n\n\n\n<p>Es originaria de Durango, Durango y pertenece a la 2a. Plataforma.<\/p>\n\n\n\n<p><strong>Xitlali<\/strong> tiene 10 a\u00f1os, representa la regi\u00f3n Norcentro, le gusta montar a caballo y pintar huevos de avestruz y su signo es Sagitario.<\/p>\n\n\n\n<p>Colecciona figuras de \u00e1ngeles y le gusta la m\u00fasica ranchera.<\/p>\n\n\n\n<p>Xitlali siente un gran orgullo de s\u00ed misma y mucha felicidad, debido a que su sue\u00f1o es llegar a ser artista y poder ayudar a los que lo necesiten.<\/p>\n\n\n\n<div class=\"wp-block-image\"><figure class=\"alignright size-large is-resized\"><img loading=\"lazy\" decoding=\"async\" src=\"https:\/\/tvnotiblog.com\/derealitys\/wp-content\/uploads\/2020\/06\/adan-nieves-codigo-fama.jpg\" alt=\"adan codigo fama\" class=\"wp-image-13462\" width=\"110\" height=\"100\"\/><\/figure><\/div>\n\n\n\n<h4 class=\"wp-block-heading\"><strong>AD\u00c1N NIEVES<\/strong><\/h4>\n\n\n\n<p>Es originario de Bolonchen de Rej\u00f3n, Campeche, tiene 13 a\u00f1os y representa la regi\u00f3n Sur.<\/p>\n\n\n\n<p><strong>Ad\u00e1n<\/strong> es Leo, le gusta cantar, jugar futbol y bailar. Su artista favorito es Pedro Fern\u00e1ndez y la m\u00fasica que m\u00e1s le gusta es la ranchera.<\/p>\n\n\n\n<p>Sus colores favoritos son el azul, el blanco y el negro y colecciona estampillas y fotos.<\/p>\n\n\n\n<div class=\"wp-block-image\"><figure class=\"alignright size-large is-resized\"><img loading=\"lazy\" decoding=\"async\" src=\"https:\/\/tvnotiblog.com\/derealitys\/wp-content\/uploads\/2020\/06\/sergio-codigo-fama.jpg\" alt=\"sergio codigo fama\" class=\"wp-image-13463\" width=\"110\" height=\"100\"\/><\/figure><\/div>\n\n\n\n<h4 class=\"wp-block-heading\"><strong>SERGIO GUERRERO<\/strong><\/h4>\n\n\n\n<p>Es originario de Puerto Vallarta, Jalisco y pertenece a la 1a. Plataforma.<\/p>\n\n\n\n<p><strong>Sergio<\/strong> tiene 13 a\u00f1os, representa la regi\u00f3n Occidente, le gusta jugar beisbol y salir a jugar con amigos.<\/p>\n\n\n\n<p>Colecciona carros y f\u00f3siles de insectos.<\/p>\n\n\n\n<div class=\"wp-block-image\"><figure class=\"alignright size-large is-resized\"><img loading=\"lazy\" decoding=\"async\" src=\"https:\/\/tvnotiblog.com\/derealitys\/wp-content\/uploads\/2020\/06\/marcela-codigo-fama.jpg\" alt=\"marcela codigo fama\" class=\"wp-image-13464\" width=\"110\" height=\"100\"\/><\/figure><\/div>\n\n\n\n<h4 class=\"wp-block-heading\"><strong>MARCELA ALCAL\u00c1<\/strong><\/h4>\n\n\n\n<p>Es originaria de Torre\u00f3n, Coahuila y pertenece a la 1a. Plataforma.<\/p>\n\n\n\n<p><strong>Marcela<\/strong> tiene 12 a\u00f1os, representa la regi\u00f3n Norcentro, le gusta cantar, chatear y salir de paseo con amigos.<\/p>\n\n\n\n<p>Colecciona piedras de colores, velas y gorros.<\/p>\n\n\n\n<div class=\"wp-block-image\"><figure class=\"alignright size-large is-resized\"><img loading=\"lazy\" decoding=\"async\" src=\"https:\/\/tvnotiblog.com\/derealitys\/wp-content\/uploads\/2020\/06\/isaac-codigo-fama.jpg\" alt=\"isaac villalobos codigo fama\" class=\"wp-image-13465\" width=\"110\" height=\"100\"\/><\/figure><\/div>\n\n\n\n<h4 class=\"wp-block-heading\"><strong>ISAAC VILLALOBOS VIZCA\u00cdNO<\/strong><\/h4>\n\n\n\n<p><strong>Isaac<\/strong> representa la regi\u00f3n Noreste, tiene 11 a\u00f1os, le gusta escuchar m\u00fasica, cantar y jugar futbol.<\/p>\n\n\n\n<p>Colecciona mu\u00f1ecos con espadas y carros.<\/p>\n\n\n\n<div class=\"wp-block-image\"><figure class=\"alignright size-large is-resized\"><img loading=\"lazy\" decoding=\"async\" src=\"https:\/\/tvnotiblog.com\/derealitys\/wp-content\/uploads\/2020\/06\/yanick-codigo-fama.jpg\" alt=\"yanick codigo fama\" class=\"wp-image-13466\" width=\"110\" height=\"100\"\/><\/figure><\/div>\n\n\n\n<h4 class=\"wp-block-heading\"><strong>YANICK BETANCOURT<\/strong><\/h4>\n\n\n\n<p>Es originario de Canc\u00fan, Quintana Roo y pertenece a la 1a. Plataforma.<\/p>\n\n\n\n<p><strong>Yanick<\/strong> tiene 13 a\u00f1os, representa la regi\u00f3n Sur y sus hobbies son cantar, jugar basketball y tenis.<\/p>\n\n\n\n<p>Colecciona \u00e1lbumes, estampas y discos.<\/p>\n\n\n\n<div class=\"wp-block-image\"><figure class=\"alignright size-large is-resized\"><img loading=\"lazy\" decoding=\"async\" src=\"https:\/\/tvnotiblog.com\/derealitys\/wp-content\/uploads\/2020\/06\/elaine-ortega-codigo-fama.jpg\" alt=\"elaine ortega codigo fama\" class=\"wp-image-13467\" width=\"110\" height=\"100\"\/><\/figure><\/div>\n\n\n\n<h4 class=\"wp-block-heading\"><strong>ELAINE ORTEGA<\/strong><\/h4>\n\n\n\n<p>Es originaria de M\u00e9xico, Distrito Federal y pertenece a la 2a. Plataforma.<\/p>\n\n\n\n<p>Elaine tiene 11 a\u00f1os, representa la regi\u00f3n Distrito Federal, le gusta bailar, cantar y actuar y su signo es Aries.<\/p>\n\n\n\n<p>Colecciona aut\u00f3grafos y Barbies y le gusta la balada pop.<\/p>\n\n\n\n<div class=\"wp-block-image\"><figure class=\"alignright size-large is-resized\"><img loading=\"lazy\" decoding=\"async\" src=\"https:\/\/tvnotiblog.com\/derealitys\/wp-content\/uploads\/2020\/06\/manuel-flores-codigo-fama.jpg\" alt=\"manuel codigo fama\" class=\"wp-image-13468\" width=\"110\" height=\"100\"\/><\/figure><\/div>\n\n\n\n<h4 class=\"wp-block-heading\"><strong>MANUEL FLORES<\/strong><\/h4>\n\n\n\n<p>Es originario de Cosoleacaque, Veracruz y pertenece a la 2a. Plataforma.<\/p>\n\n\n\n<p>Manuel tiene 13 a\u00f1os, representa la regi\u00f3n del Golfo, le gusta cantar, tocar el piano, practicar futbol y jugar juegos de video y su signo es Virgo.<\/p>\n\n\n\n<p>Colecciona carros de control remoto y le gusta la m\u00fasica rom\u00e1ntica.<\/p>\n\n\n\n<div class=\"wp-block-image\"><figure class=\"alignright size-large is-resized\"><img loading=\"lazy\" decoding=\"async\" src=\"https:\/\/tvnotiblog.com\/derealitys\/wp-content\/uploads\/2020\/06\/lineker-brito-codigo-fama.jpg\" alt=\"lineker brito codigo fama\" class=\"wp-image-13469\" width=\"110\" height=\"100\"\/><\/figure><\/div>\n\n\n\n<h4 class=\"wp-block-heading\"><strong>LINEKER BRITO<\/strong><\/h4>\n\n\n\n<p>Es originario de Tepecuacuilco de Trujano, Guerrero y pertenece a la 2a. Plataforma.<\/p>\n\n\n\n<p><strong>Lineker<\/strong> tiene 12 a\u00f1os, representa la regi\u00f3n Sur, le gusta cantar, jugar futbol, basketball y ajedrez y su signo es Virgo.<\/p>\n\n\n\n<p>Colecciona mu\u00f1ecos y libros y le gusta el pop y la m\u00fasica grupera y ranchera.<\/p>\n\n\n\n<div class=\"wp-block-image\"><figure class=\"alignright size-large is-resized\"><img loading=\"lazy\" decoding=\"async\" src=\"https:\/\/tvnotiblog.com\/derealitys\/wp-content\/uploads\/2020\/06\/alan-torres-codigo-fama.jpg\" alt=\"alan codigo fama\" class=\"wp-image-13470\" width=\"110\" height=\"100\"\/><\/figure><\/div>\n\n\n\n<h4 class=\"wp-block-heading\"><strong>ALAN TORRES<\/strong><\/h4>\n\n\n\n<p>Es originario de Toluca, Estado de M\u00e9xico y pertenece a la 2a. Plataforma.<\/p>\n\n\n\n<p>Alan tiene 12 a\u00f1os, representa la regi\u00f3n del Centro, le gusta dibujar y cantar y su signo es Piscis.<\/p>\n\n\n\n<p>Colecciona dibujos y le gusta el pop y la m\u00fasica ranchera.<\/p>\n\n\n\n<div class=\"wp-block-image\"><figure class=\"alignright size-large is-resized\"><img loading=\"lazy\" decoding=\"async\" src=\"https:\/\/tvnotiblog.com\/derealitys\/wp-content\/uploads\/2020\/06\/shiomara-codigo-fama.jpg\" alt=\"shiomara codigo fama\" class=\"wp-image-13471\" width=\"110\" height=\"100\"\/><\/figure><\/div>\n\n\n\n<h4 class=\"wp-block-heading\"><strong>SHIOMARA MEDINA<\/strong><\/h4>\n\n\n\n<p>Es originaria de Misantla, Veracruz y pertenece a la 1a. Plataforma.<\/p>\n\n\n\n<p>Shiomara tiene 10 a\u00f1os, representa la regi\u00f3n del Golfo y le gusta montar en bicicleta y leer.<\/p>\n\n\n\n<p>Colecciona mu\u00f1ecos de caricaturas.<\/p>\n","protected":false},"excerpt":{"rendered":"<p>Los 40 participantes de C\u00f3digo Fama 1, la primera edici\u00f3n tuvo como ganador a Miguel Mart\u00ednez. MIGUEL MART\u00cdNEZ Es originario de Guasave, Sinaloa, tiene 11 a\u00f1os y representa la regi\u00f3n Noroeste. Miguel es Capriconio y le gusta jugar voleibol, futbol, beisbol y juegos de video. Sus artistas favoritos son Pedro Fern\u00e1ndez y Alejandro Fern\u00e1ndez y [&hellip;]<\/p>\n","protected":false},"author":1,"featured_media":13452,"parent":0,"menu_order":0,"comment_status":"closed","ping_status":"closed","template":"","meta":{"_genesis_hide_title":false,"_genesis_hide_breadcrumbs":true,"_genesis_hide_singular_image":true,"_genesis_hide_footer_widgets":false,"_genesis_custom_body_class":"","_genesis_custom_post_class":"","_genesis_layout":"full-width-content","footnotes":""},"class_list":{"0":"post-13448","1":"page","2":"type-page","3":"status-publish","4":"has-post-thumbnail","6":"entry"},"featured_image_src":"https:\/\/tvnotiblog.com\/derealitys\/wp-content\/uploads\/2020\/06\/codigo-fama-participantes-primera-edicion.jpg","featured_image_src_square":"https:\/\/tvnotiblog.com\/derealitys\/wp-content\/uploads\/2020\/06\/codigo-fama-participantes-primera-edicion.jpg","_links":{"self":[{"href":"https:\/\/tvnotiblog.com\/derealitys\/wp-json\/wp\/v2\/pages\/13448","targetHints":{"allow":["GET"]}}],"collection":[{"href":"https:\/\/tvnotiblog.com\/derealitys\/wp-json\/wp\/v2\/pages"}],"about":[{"href":"https:\/\/tvnotiblog.com\/derealitys\/wp-json\/wp\/v2\/types\/page"}],"author":[{"embeddable":true,"href":"https:\/\/tvnotiblog.com\/derealitys\/wp-json\/wp\/v2\/users\/1"}],"replies":[{"embeddable":true,"href":"https:\/\/tvnotiblog.com\/derealitys\/wp-json\/wp\/v2\/comments?post=13448"}],"version-history":[{"count":1,"href":"https:\/\/tvnotiblog.com\/derealitys\/wp-json\/wp\/v2\/pages\/13448\/revisions"}],"predecessor-version":[{"id":16746,"href":"https:\/\/tvnotiblog.com\/derealitys\/wp-json\/wp\/v2\/pages\/13448\/revisions\/16746"}],"wp:featuredmedia":[{"embeddable":true,"href":"https:\/\/tvnotiblog.com\/derealitys\/wp-json\/wp\/v2\/media\/13452"}],"wp:attachment":[{"href":"https:\/\/tvnotiblog.com\/derealitys\/wp-json\/wp\/v2\/media?parent=13448"}],"curies":[{"name":"wp","href":"https:\/\/api.w.org\/{rel}","templated":true}]}}